
5
Calculate the remainder when 2161 is divided by 718.
7
What is the remainder when 817 is divided by 813?
4
Calculate the remainder when 218 is divided by 16.
10
Calculate the remainder when 1043 is divided by 9.
8
Calculate the remainder when 370 is divided by 34.
30
What is the remainder when 163 is divided by 55?
53
Calculate the remainder when 109 is divided by 5.
4
Calculate the remainder when 1313 is divided by 165.
158
What is the remainder when 247 is divided by 8?
7
What is the remainder when 153 is divided by 38?
1
What is the remainder when 373 is divided by 27?
22
What is the remainder when 317 is divided by 24?
5
Calculate the remainder when 4112 is divided by 43.
27
What is the remainder when 315 is divided by 81?
72
Calculate the remainder when 406 is divided by 12.
10
What is the remainder when 28998 is divided by 10?
8
Calculate the remainder when 500 is divided by 39.
32
What is the remainder when 40385 is divided by 318?
317
Calculate the remainder when 36 is divided by 8.
4
Calculate the remainder when 47 is divided by 10.
7
Calculate the remainder when 285 is divided by 4.
1
Calculate the remainder when 865 is divided by 17.
15
Calculate the remainder when 3040 is divided by 757.
12
What is the remainder when 217 is divided by 188?
29
What is the remainder when 800 is divided by 192?
32
Calculate the remainder when 1043 is divided by 55.
53
What is the remainder when 40 is divided by 16?
8
Calculate the remainder when 1894 is divided by 86.
2
What is the remainder when 4490 is divided by 31?
26
What is the remainder when 1189 is divided by 34?
33
What is the remainder when 1256 is divided by 126?
122
What is the remainder when 265 is divided by 7?
6
Calculate the remainder when 1769 is divided by 29.
0
What is the remainder when 6837 is divided by 40?
37
Calculate the remainder when 1982 is divided by 50.
32
Calculate the remainder when 1222 is divided by 49.
46
What is the remainder when 96 is divided by 33?
30
What is the remainder when 2007 is divided by 185?
157
What is the remainder when 2149 is divided by 61?
14
Calculate the remainder when 392 is divided by 80.
72
What is the remainder when 93 is divided by 42?
9
Calculate the remainder when 77 is divided by 10.
7
What is the remainder when 345 is divided by 237?
108
What is the remainder when 302 is divided by 61?
58
What is the remainder when 34270 is divided by 112?
110
What is the remainder when 241 is divided by 21?
10
Calculate the remainder when 522 is divided by 75.
72
What is the remainder when 155 is divided by 155?
0
Calculate the remainder when 2219 is divided by 171.
167
Calculate the remainder when 630 is divided by 17.
1
Calculate the remainder when 263 is divided by 33.
32
Calculate the remainder when 3526 is divided by 19.
11
What is the remainder when 8975 is divided by 11?
10
What is the remainder when 21201 is divided by 23?
18
Calculate the remainder when 25 is divided by 12.
1
What is the remainder when 1005 is divided by 63?
60
Calculate the remainder when 129 is divided by 21.
3
Calculate the remainder when 1563 is divided by 9.
6
What is the remainder when 529 is divided by 38?
35
What is the remainder when 403 is divided by 55?
18
What is the remainder when 636 is divided by 9?
6
What is the remainder when 210 is divided by 56?
42
Calculate the remainder when 83 is divided by 49.
34
What is the remainder when 303 is divided by 76?
75
What is the remainder when 479 is divided by 18?
11
Calculate the remainder when 149 is divided by 9.
5
Calculate the remainder when 249 is divided by 63.
60
Calculate the remainder when 484 is divided by 150.
34
What is the remainder when 85 is divided by 52?
33
Calculate the remainder when 2719 is divided by 17.
16
Calculate the remainder when 278 is divided by 47.
43
What is the remainder when 1722 is divided by 120?
42
What is the remainder when 578 is divided by 58?
56
What is the remainder when 269 is divided by 76?
41
What is the remainder when 119 is divided by 63?
56
Calculate the remainder when 2919 is divided by 37.
33
Calculate the remainder when 310 is divided by 24.
22
What is the remainder when 1804 is divided by 48?
28
Calculate the remainder when 291 is divided by 28.
11
Calculate the remainder when 30210 is divided by 26.
24
What is the remainder when 73 is divided by 26?
21
Calculate the remainder when 218 is divided by 20.
18
Calculate the remainder when 349 is divided by 166.
17
What is the remainder when 709 is divided by 191?
136
What is the remainder when 3423 is divided by 33?
24
Calculate the remainder when 4825 is divided by 34.
31
Calculate the remainder when 5988 is divided by 51.
21
Calculate the remainder when 51 is divided by 5.
1
Calculate the remainder when 330 is divided by 5.
0
What is the remainder when 1974 is divided by 451?
170
Calculate the remainder when 437 is divided by 45.
32
Calculate the remainder when 251 is divided by 2.
1
What is the remainder when 304 is divided by 139?
26
What is the remainder when 4408 is divided by 9?
7
Calculate the remainder when 161 is divided by 55.
51
Calculate the remainder when 120 is divided by 50.
20
Calculate the remainder when 138 is divided by 86.
52
Calculate the remainder when 150 is divided by 30.
0
What is the remainder when 122 is divided by 19?
8
Calculate the remainder when 15909 is divided by 136.
133
Calculate the remainder when 2172 is divided by 145.
142
What is the remainder when 486 is divided by 174?
138
What is the remainder when 97 is divided by 20?
17
Calculate the remainder when 404 is divided by 81.
80
What is the remainder when 202 is divided by 19?
12
What is the remainder when 30742 is divided by 65?
62
What is the remainder when 50 is divided by 6?
2
What is the remainder when 151 is divided by 31?
27
What is the remainder when 1518 is divided by 67?
44
What is the remainder when 337 is divided by 18?
13
Calculate the remainder when 2943 is divided by 975.
18
Calculate the remainder when 181 is divided by 38.
29
What is the remainder when 282 is divided by 73?
63
What is the remainder when 140 is divided by 91?
49
Calculate the remainder when 616 is divided by 73.
32
What is the remainder when 156 is divided by 59?
38
Calculate the remainder when 72 is divided by 54.
18
What is the remainder when 318 is divided by 23?
19
Calculate the remainder when 1805 is divided by 30.
5
What is the remainder when 2253 is divided by 16?
13
Calculate the remainder when 96 is divided by 26.
18
Calculate the remainder when 146 is divided by 143.
3
Calculate the remainder when 252 is divided by 13.
5
Calculate the remainder when 2418 is divided by 12.
6
Calculate the remainder when 1264 is divided by 341.
241
What is the remainder when 274 is divided by 12?
10
What is the remainder when 95 is divided by 28?
11
Calculate the remainder when 348 is divided by 39.
36
What is the remainder when 591 is divided by 82?
17
What is the remainder when 17819 is divided by 180?
179
Calculate the remainder when 2005 is divided by 28.
17
What is the remainder when 316 is divided by 64?
60
Calculate the remainder when 867 is divided by 62.
61
Calculate the remainder when 123 is divided by 17.
4
Calculate the remainder when 309 is divided by 10.
9
What is the remainder when 141 is divided by 72?
69
What is the remainder when 175 is divided by 71?
33
What is the remainder when 215 is divided by 7?
5
What is the remainder when 43 is divided by 4?
3
Calculate the remainder when 443 is divided by 46.
29
What is the remainder when 356 is divided by 11?
4
What is the remainder when 753 is divided by 97?
74
What is the remainder when 160 is divided by 94?
66
What is the remainder when 846 is divided by 403?
40
Calculate the remainder when 38 is divided by 20.
18
Calculate the remainder when 291 is divided by 99.
93
Calculate the remainder when 98 is divided by 41.
16
Calculate the remainder when 838 is divided by 77.
68
Calculate the remainder when 6357 is divided by 60.
57
What is the remainder when 1079 is divided by 14?
1
What is the remainder when 9526 is divided by 13?
10
What is the remainder when 136 is divided by 43?
7
Calculate the remainder when 122 is divided by 14.
10
What is the remainder when 178 is divided by 67?
44
What is th